3/x)/(1/3)?
11
Let p = 27 + -13. Calculate the remainder when 27 is divided by p.
13
Let t(u) be the third derivative of -u**5/60 - 5*u**4/12 - u**3/6 + 4*u**2. Calculate the remainder when 27 is divided by t(-9).
3
Let r(y) = -32*y + 27. Calculate the remainder when r(-6) is divided by 55.
54
Let s = 1 - -21. What is the remainder when 109 is divided by s?
21
Let c = 3 + 0. Suppose 0 = v - 0 + c. What is the remainder when 43 - (-3 - v)/(-3) is divided by 15?
13
Let k = -16 + 28. Let m = k + -8. Calculate the remainder when 18 is divided by m.
2
Suppose 4*x - 284 = -4*q, 0*x - x = 5*q - 75. Calculate the remainder when x is divided by 12.
10
Suppose -5*h + a = -64, 6*h + 5*a = 4*h + 4. Calculate the remainder when 27 is divided by h.
3
Let g(y) = 7*y**3 - 2*y**2 + 2*y + 11. Let i(f) = 3*f**3 - f**2 + f + 5. Let n(a) = 6*g(a) - 13*i(a). What is the remainder when n(2) is divided by 14?
13
Let f = 73 + -36. Suppose 4*w - 30 = 22. Calculate the remainder when f is divided by w.
11
Suppose -7*m = -5*m - 6. Suppose 2*w = -0*w + 3*d + 38, m*w = -5*d + 95. What is the remainder when w is divided by 1 + -2 + 11 + -1?
7
Let r(o) = 5*o**3 - 2*o + 2. Let k be r(1). Suppose -16 = -k*n + 49. Calculate the remainder when 25 is divided by n.
12
Let o = -39 + 66. Calculate the remainder when o is divided by 7.
6
Suppose -5*m + 1252 - 27 = 0. What is the remainder when m is divided by 41?
40
Let n be (-2)/(-1 + -1)*2. Let i be (-3)/(-6)*1*n. Calculate the remainder when 19 is divided by (10 - 0) + i + -1.
9
What is the remainder when 75 is divided by (-1)/(-4) + 225/12?
18
Suppose 0 = 8*u - 58 - 6. What is the remainder when 39 is divided by u?
7
Let y(p) = 2*p - 13. What is the remainder when 12 is divided by y(9)?
2
Suppose 115 = -32*b + 37*b. What is the remainder when 87 is divided by b?
18
Suppose 3*k - 83 - 1 = 0. Let z = -5 + k. What is the remainder when z is divided by 6?
5
Let q be ((-4)/6)/((-4)/30). Suppose -3*x - b = -4, -3*x + q*x + 2*b = 0. Calculate the remainder when 3 is divided by x.
1
Let r(u) = u + 8. Let w be r(-4). Suppose 28 = q - 4*s, 9 = 5*q + w*s - 11. Calculate the remainder when 6/15 + 146/10 is divided by q.
7
Suppose a + m = -3*m + 15, -6 = 3*a - 5*m. Suppose 2*i = -a*b + 23, 4*i + b - 55 = 4*b. Calculate the remainder when i is divided by 7.
6
Let y = -14 + 30. What is the remainder when y is divided by 9?
7
Suppose 7*t + 144 = 10*t - 3*q, -2*t - 5*q + 68 = 0. Let y = 5 + -8. Let c = 12 - y. What is the remainder when t is divided by c?
14
Let k(m) be the third derivative of m**5/60 - 7*m**4/24 + 4*m**3/3 - m**2. Let p be k(6). Suppose 5 = -p*b + 35. Calculate the remainder when b is divided by 8.
7
Let a = 24 - 4. What is the remainder when 31 is divided by a/(-15)*(-15 + 3)?
15
Suppose 0 = 4*b - b - 3. Suppose 4*h = o - 45, 0 = -2*h + h - b. Calculate the remainder when o is divided by 14.
13
Let v(w) = w**2 + 10*w - 29. What is the remainder when 181 is divided by v(-15)?
43
Let r be ((-36)/15)/((-8)/60). Let k = r + -3. What is the remainder when 56 is divided by k?
11
Suppose -115 = -2*y - 19. Let c = 37 - 12. What is the remainder when y is divided by c?
23
Let f(a) = 3*a - 14. Suppose -3*t + 2*t - 15 = -5*g, 4*t = -4*g + 60. What is the remainder when 45 is divided by f(t)?
13
Let s be (-124)/((-8)/(-2)) + -2. Calculate the remainder when 122 is divided by 22/s - (-190)/6.
29
Let n(a) = -3*a - 6. Calculate the remainder when 101 is divided by n(-7).
11
Suppose 2*k + 0 = 4. Calculate the remainder when k is divided by ((-4)/3)/((-21)/(-9) - 3).
0
Suppose -4*l + 63 = 35. What is the remainder when 38 is divided by l?
3
Let z be ((-2 - 1)/(-1))/1. Suppose z = f - 10. Let n = 78 + -54. What is the remainder when n is divided by f?
11
Let c = -14 - -18. What is the remainder when c is divided by 3?
1
Suppose 0*j = -3*g - j + 16, 0 = g + j - 8. Suppose -g*q + 9 = -107. Suppose -i - i + 20 = 0. Calculate the remainder when q is divided by i.
9
Suppose 8 = -2*u + 36. Calculate the remainder when 68 is divided by u.
12
Let d = -38 + 48. What is the remainder when d is divided by 4?
2
Let r = 14 - 33. Let k = r + 48. What is the remainder when k is divided by 15?
14
Let b = -11 - -23. Calculate the remainder when 23 is divided by b.
11
Suppose b + 4 = 2*b. Suppose -3*s + b = 2*m - 0*m, -5*s = 20. Calculate the remainder when 14 is divided by m.
6
Let l be 1 + (6 - (1 + 1)). Suppose 4*f + 2*w - 44 - 16 = 0, -f = l*w + 3. What is the remainder when 65 is divided by f?
14
Suppose 0 = 4*f - 2*f - 30. Let l be (6/8)/(2/(-24)). Let v = -3 - l. Calculate the remainder when f is divided by v.
3
What is the remainder when 47 is divided by 2 - (3/1 + -17)?
15
Let i(u) be the first derivative of 67*u**3/3 + 3*u**2/2 - 2*u + 1. Calculate the remainder when i(1) is divided by 14.
12
Let v = 16 - 14. Suppose h + v*k = 0, 4*k + 12 + 48 = 4*h. What is the remainder when 19 is divided by h?
9
Calculate the remainder when 38 is divided by (9 - (0 + 1))*(-25)/(-10).
18
Let o(x) = 29*x. Let h be o(-1). Let f = -15 - h. Calculate the remainder when 41 is divided by f.
13
Suppose -2*q + 117 = -9. What is the remainder when q is divided by 16?
15
Calculate the remainder when (-16)/1*7/(-2) is divided by 15.
11
Suppose u - 21 = -3*p, 2*u + 4*p = 2*p + 22. What is the remainder when 1/(1 + 48/(-51)) is divided by u?
5
Suppose 3*t = 10 + 95. Let n = t + -19. What is the remainder when n is divided by 6?
4
Let c(v) = 2*v. Let o be c(-4). What is the remainder when -10*(12/o + -2) is divided by 19?
16
Let y = 6 + 3. Suppose 0 = 3*w - 5*w + 5*l + 4, -5*l = 0. Suppose w*n + 2*n - 31 = -3*g, -5*n = 3*g - 26. What is the remainder when g is divided by y?
8
Let j be 1/(-4) - 1302/(-24). Suppose -12 = r - 4*v - j, 2*v = 4. What is the remainder when r is divided by (68/(-6))/((-6)/9)?
16
Suppose -3*v + 5 = -b, -6*v + 2*v + 5*b = -25. Suppose v = -z - 3*z + 152. Calculate the remainder when z is divided by 13.
12
Let v = 158 + 7. Suppose 5*l - 15 = v. Calculate the remainder when l is divided by 19.
17
Let p(n) = n**2 + 4*n - 7. Calculate the remainder when 7 is divided by p(-6).
2
Suppose x - 38 = -3*g, -6*x - 28 = -3*g - 2*x. Suppose 3*t - 378 = -t + 5*a, a + 2 = 0. Suppose 0 = -n + 5*n - t. What is the remainder when n is divided by g?
11
Suppose 5*g = -0*g - 5*m + 200, -3*m = -12. Calculate the remainder when 67 is divided by g.
31
Suppose 0 = -p + 5 - 2. What is the remainder when -1 + p + -1 + 20 is divided by 12?
9
What is the remainder when 233 is divided by -2 + 7/2 + 3565/62?
56
Suppose 0 = -4*m + 2*m - 94. What is the remainder when 44 is divided by (-2)/3 + m/(-3)?
14
Let k(g) = 26*g + 40. Suppose r + 0*r = 4. Suppose -112 = -2*w + p - 3*p, 3*w - 147 = r*p. What is the remainder when w is divided by k(-1)?
11
Let f(q) = -q**3 - 2*q**2 + 5*q + 3. Let x be f(-3). Let u = x + 21. Calculate the remainder when 51 is divided by u.
15
Suppose 2 = -l + 4*i + 16, -5*i - 16 = -l. Suppose -2*z = 5*o - 20, -2*z + 28 = 2*o + 8. What is the remainder when z is divided by l?
4
What is the remainder when 85 is divided by 1/(1 + (-42)/44)?
19
Let x(a) = a**2 - 5. Let m(q) = q**3 + 10*q**2 + 12*q + 1. Let k be m(-9). Let i = k + 69. Calculate the remainder when i is divided by x(-4).
10
Let x = -51 + 66. Calculate the remainder when 681/12 - 1/(-4) is divided by x.
12
Let x(f) = f**3 + 8*f**2 - 9*f - 12. Let a be x(-5). Calculate the remainder when 33 is divided by 158/18 + 24/a.
6
What is the remainder when (-3)/2 - (-327)/6 is divided by 14?
11
Let k(d) = -10*d - 3. Let c be k(-4). Suppose 0 = -4*n + 4*s + 17 + 63, -s = -4*n + 80. Let m = c - n. What is the remainder when m is divided by 10?
7
Suppose 12 = -a + 63. What is the remainder when a is divided by 9?
6
Suppose 0*r - 63 = -3*r. Calculate the remainder when 41 is divided by r.
20
Let i = -15 - -36. What is the remainder when (82/3)/(6/9) is divided by i?
20
Let a = -5 + 17. Let d(p) = p**2 - 8*p - 9. Let u be d(9). Suppose m + 0*m - 7 = u. Calculate the remainder when a is divided by m.
5
Let z be (2*-1 + 3)*59. Suppose -81 = -3*r - 3*v, -3*r + v = -18 - z. What is the remainder when r is divided by (-1 - (-94)/6) + 2/(-3)?
12
Suppose 4*m + 2*x = 68, 4*m - 2*x + x - 56 = 0. Suppose 0*c - c + 54 = u, -5*u +